
6
Calculate (-4 - 1) + (192 - 182) + 1 + -16.
-10
What is -28 - -13 - (2 + -8 - -4) - -2?
-11
Calculate 0 + -7 - (188 - 202).
7
Calculate -2 + -5 - (-35 + 87 - 46).
-13
What is -10 + 6 + (0 - (3 - 2))?
-5
Evaluate -3 + (-1 - (-7 - -17)) - -5.
-9
Calculate -32 - ((5 - 17) + -12).
-8
What is the value of 6 + 26 + (-37 - 13)?
-18
Evaluate -7 + 1 - (1 + 3).
-10
Calculate 0 + 0 + -7 + -1 - (-40 - -11).
21
What is (-4 - (0 + -8 - -3)) + -9 + -6?
-14
What is the value of -8 - (4 + (11 - 5) + -16) - 6?
-8
(-1 + 7 + 0 - 0) + 198 + -191
13
-34 + (8 - 0 - (-59 + 31 + 27))
-25
What is the value of -1 + 5 + 2 + 271 + -263?
14
Evaluate -9 + ((26 - -12) + -12 - 8).
9
What is -14 - (0 - (-6 + 24))?
4
Calculate 6 - (-3 - (9 + -17 + 0)).
1
Calculate 31 + -46 - (3 - 3).
-15
What is -17 - -45 - (16 - 19)?
31
What is -8 + -1 + (-151 + 163 - (-1 + 10))?
-6
Calculate -37 + 34 + -3 - (1 + -20).
13
Evaluate 5 - 14 - (-41 + 39).
-7
What is the value of (-1 - -2 - 4) + -10 + (0 - 6)?
-19
What is 1 + 3 + (-1 + -6 - 9) + 13?
1
Evaluate -11 + -3 + -4 + 25.
7
Evaluate (-14 - -1) + -1 - (-109 + 153 + -40).
-18
What is (-1 - (9 + 0)) + 12 + -6?
-4
Calculate -120 - -123 - (-5 + 2).
6
What is the value of 24 + -1 + (-17 - -16)?
22
Calculate -12 + 8 + -14 - -6.
-12
-3 + (23 - (9 - -1) - -4)
14
-8 - (15 - 17) - (-20 + -1 - 2)
17
6 + (-9 - -5 - (7 + -12) - 5)
2
What is -1 + -2 - (64 + -64) - 7?
-10
What is the value of 24 + -21 + 20 + (-12 - (-1 - 1))?
13
Calculate (25 - 10 - 11) + 4.
8
36 - (0 + -19) - 18 - 2
35
Calculate 4 + -4 - (-7 + (-6 - -12) - 0).
1
Evaluate 9 - -2 - 15 - -3.
-1
What is the value of -7 + (-4 - (-7 - -6)) + 5?
-5
Calculate 13 + 6 + (-6 - 13).
0
What is 4 + 9 + 8 + -8?
13
What is -59 + -2 + 40 - -42?
21
What is the value of -2 + 0 + (0 - (-10 - -26)) + 13?
-5
-10 + 1 - (13 - 20)
-2
What is the value of (9 - 0) + (-86 - -74) + 2?
-1
What is -8 + -1 + 6 + (-5 + 14 - 1)?
5
23 - (5 + 4 + -2 + -5) - -3
24
(-12 - (-1 - -3)) + (1136 - 1114)
8
Calculate -9 + 6 - 1 - (10 - 11 - 41).
38
-14 + (2 - -22 - 11) - -6
5
What is -14 - 0 - (-12 - (-8 - 1) - 0)?
-11
What is -10 - (-7 - (10 - -2 - 12))?
-3
Evaluate -1 + -25 + 17 + 11 + -2 + 14.
14
What is the value of -49 - -58 - (3 - -18)?
-12
What is 4 - (-13 + (11 - -2)) - (-7 - 1)?
12
Calculate (0 - (1 - -7)) + 6 - 31.
-33
What is 27 - (4 - -20) - (1 + 3)?
-1
Calculate 35 - 18 - (4 + -6 + 0).
19
What is the value of 2 - 12 - (-3 + (-6 - (3 + -13)))?
-11
Calculate (6 - 6 - (-6 + -1) - 1) + -5.
1
Evaluate -54 + (-2 - -1) + 25.
-30
Evaluate (-1 - (7 - 5)) + -5.
-8
What is 3 - -1 - (23 + -12)?
-7
What is the value of (4 - (1 - -9)) + 16?
10
(-2 - 2) + (419 - 428)
-13
What is the value of -9 - ((-39 - -19) + 25)?
-14
Calculate -30 - (21 - 63) - 20.
-8
Calculate 26 - 21 - (8 - 4 - 13).
14
What is 44 + -19 - 13 - (-3 + -11)?
26
Evaluate -5 - (-4 + (-13 - -1) + -1 + -2).
14
What is the value of 1 + (-1 - 6) + -16 + 9 + 1?
-12
Calculate -39 + (-4 - (-27 + -7)).
-9
What is (26 + -31 - (2 - 2)) + (3 - -13)?
11
What is -2 - -3 - (0 - 5) - -3?
9
(-2 - -1) + (43 - 32) + (-3 - 13)
-6
Calculate -52 + 24 + 22 - -9.
3
Evaluate -10 - (2 + 8 + -2 + -13).
-5
Evaluate -4 + (-12 - (-5 - -14 - 28)).
3
Calculate -9 + 4 - (-1 + 5 - (-11 + 22)).
2
4 + (-16 - -20) + -3 + 0 + 3
8
What is the value of -6 + (3 - -13 - (5 - 7)) + 5?
17
Calculate (346 - 348) + (2 - (5 - -1)).
-6
4 + (16 + (11 - 43) - -17)
5
Evaluate 10 - (20 - 14) - 5 - (0 + 6).
-7
Evaluate 9 - 48 - -43 - (1 + -18 - 2).
23
Evaluate (-6 - -21) + (-5 - 19).
-9
-17 - (-26 - -18) - (1 - 8)
-2
Evaluate -51 + -30 + (16 - -28).
-37
What is 38 + (-11 - (-5 - -9)) + -14?
9
Evaluate -85 + 89 - (5 + 5 - -9).
-15
What is the value of -32 + 15 + 16 + -37?
-38
What is 0 + -2 + -2 + (0 + -7 - -9)?
-2
Calculate (-4 - -13) + (-18 - -2) - -39.
32
-3 + -1 - (-20 - (27 + -64))
-21
What is (-1 - 1) + 12 - (-8 + 7) - 5?
6
Calculate -2 + (-24 - (-19 + 25)).
-32
What is the value of 1 + 13 - (-1 - -1) - (6 + -5)?
13
-9 - (-5 - -6 - 3 - (-2 + 5))
-4
What is -16 - (-33 + (7 - 17))?
27
Evaluate 17 + -1 - (-123 + 121).
18
Calculate -1 + 3 + 4 + -7 - (66 + -69).
2
(-13 - -3) + (-2 - -4) + 35 + -1
26
Evaluate -4 + 1 + 34 + 0 - (-145 - -154).
22
Calculate 1 + 4 - (5 + (-20 - -6)).
14
Evaluate -6 - (8 - (3 - -6)).
-5
-26 + 12 + -3 + -66 + 91
8
What is the value of 3 + 0 - ((0 - 0) + 1)?
2
(-2 + 13 - (15 + -19)) + 4
19
15 + -12 - (2 + 14)
-13
Evaluate 11 + (18 + -15 - 6).
8
What is the value of 32 - 19 - (-15 + 15 + -7)?
20
What is 18 + -69 - -9 - -33?
-9
Calculate -39 + 7 + 158 + -144.
-18
What is (34 - 45) + -3 + -5 + 1?
-18
What is the value of 2 + 30 + -19 - (1 - 0)?
12
Evaluate -1 + 8 + (266 - 298).
-25
What is the value of (-6 + 4 - (-1 + -5) - 8) + -1?
-5
What is 41 - 44 - (-39 - (11 - 16))?
31
27 - (3 + 3 - -14)
7
What is the value of 3 + (-19 + (8 - (-2 - -6)) - -1)?
-11
Evaluate (2 - (-4 + -1)) + (-6 - (-6 - -17)).
-10
Calculate -8 + 1 + 13 + -38.
-32
What is 6 - 0 - (15 - 7 - -2)?
-4
37 - (32 - 23) - 17
11
Calculate -7 - 0 - (-22 + 8 + 17).
-10
What is -3 + (20 + -14 - 9) + 3?
-3
Calculate (-21 - -12) + 25 + -27.
-11
-7 + -40 - -19 - -19
-9
What is the value of (6 - (-7 + -2)) + -22?
-7
1 + 4 + -3 - (23 - 30)
9
Evaluate 4 - ((0 - -26) + 0 + 1 - -1).
-24
What is -12 + 13 - 7 - (4 - (-2 - -3))?
-9
Calculate -5 - (-16 + 13 - -9).
-11
What is the value of (-18 - -12 - (-22 + 5)) + -19?
-8
7 + (-10 - (-15 - -6))
6
What is -1 - (-2 - 8) - 3 - 8?
-2
Calculate -5 + 5 - 2 - -3 - (38 + -31).
-6
What is the value of 0 + (-7 - 10 - -32)?
15
-2 - -2 - (-19 + 9) - 5
5
Evaluate -2 - (-2 - (5 - 9) - 7).
3
What is the value of -33 - -8 - -5 - (-14 + (5 - -3))?
-14
What is -20 + 24 + 21 + -19?
6
What is 8 + -1 - (53 - 35)?
-11
Calculate 0 + 27 + (413 - 436).
4
What is -16 - (0 + -2 + -43)?
29
Calculate (-14 - -5) + (422 - 434).
-21
What is 17 - (-15 - -57 - 10)?
-15
-6 + (-11 - -20) + -9
-6
Calculate (5 - 25 - (-15 + 4)) + 4 + -1.
-6
Evaluate -13 + (26 - 11 - -18).
20
What is the value of 5 + 3 - (129 - 114)?
-7
Calculate 1 - (20 + -11 + -11 + 0 + 5).
-2
-6 - 2 - (1 + 0) - (53 - 41)
-21
Calculate (0 + -10 - -7) + 6 + -8 + -6.
-11
-5 + (9 - -5) - 3 - (-1 + 5)
2
What is -1 + -1 - (-2 + (3 - -2)) - -5?
0
(109 - 86) + -8 + -2
13
What is 567 + -537 + -12 + 0?
18
What is 22 + (2 - 14) + -4?
6
Evaluate 14 + (-3 - 19 - -12).
4
4 + (10 - (4 + 11 + -6)) + -4
1
What is the value of (-43 - 0) + (2513 - 2491)?
-21
Calculate 1 + -8 + (223 - 217).
-1
2 + (15 + -4 + -22 - (1 + -39))
29
What is 21 - 20 - (2 + (5 - 10)) - -13?
17
Evaluate (-31 - -19 - -6) + 0 + 30.
24
Evaluate (0 - (1 - 9 - -2)) + 6.
12
Evaluate -1 - (-8 - (6 + -16)).
-3
Evaluate -2 + (12 - 5) + -15 + 25.
15
What is the value of 12 + -1 + 0 - (3278 - 3289)?
22
What is the value of (5 - (1 + 0) - 4) + -32 + 13?
-19
What is (3 - (-3 - 1)) + (22 - (21 - -47))?
-39
Evaluate -3 + 8 + (1 - 3) + -7.
-4
-206 + 211 - (9 - -1)
-5
Evaluate -11 - ((-15 - 6) + 44 + -28).
-6
What is the value of 1 + (-1 - 4) + 13 + (-19 - -11)?
1
Calculate 3 + 3 + -18 + 17 + 2 + 1.
8
What is the value of -11 + 1 + -129 + 104 + 12?
-23
Calculate -47 - ((-14 - -30) + -54).
-9
What is 12 + -3 + (-6 - 7) - -10?
6
What is 12 + -8 - (12 - -10)?
-18
-1 + 0 + (12 - 6) + -10 - 3
-8
What is the value of -1 + 6 - (-27 + 40 + 12 + -26)?
6
Evaluate 41 - 35 - -21 - (0 - -2).
25
Calculate 39 + -55 - (-3 + 0).
-13
What is 14 + -13 + -10 - 9?
-18
Calculate -5 + -1 - (-60 + 44).
10
Evaluate -20 + 2 - (219 - 228).
-9
-8 - 0 - ((11 - 0) + -108 + 111)
-22
Evaluate 3 + 14 + (-31 - -5).
-9
What is (833 - 830) + (0 + -1 - 1) + -16?
-15
9 + (51 - 75) + (2 - -13)
0
7 + -5 + -9 + 6 + 2
1
What is -8 + 6 + (5 - (0 - -12))?
-9
Evaluate -3 - (-4 + -3) - -1.
5
What is the value of 15 + 6 + -55 + 12 + (2 - 4)?
-24
2 + 0 - (40 + -39) - (10 - 3)
-6
What is 40 - 48 - (-7 + -11)?
10
-15 + (7 + -7 + 6 + -1 - 2)
-12
Evaluate -3 + (1 - (4 - (1 - -4))).
-1
What is the value of 6 + 2 - (-5 - -4)?
9
Calculate -1 + 2 + (-4 - (0 - 8) - -6).
11
Evaluate (-27 - -1) + 4 + 22.
0
What is (-5 - (6 + (-4 - 7))) + 4 - -9?
13
(7 + -3 - (7 + 2)) + 6
1
What is 13 + -3 + -8 + (5 - -16) + -4?
19
Calculate (-15 + 0 - -1) + 62 + -56.
-8
Calculate 4 + (17 - 35) + (0 - -11).
-3
Evaluate (-298 - -313) + (-25 - -1).
-9
(-8 - (-8 + 13 + -8 + -20)) + -2
13
What is the v